uppose u + 40 = 5*r. What is the greatest common divisor of 12 and r?
6
Let m(g) = 100*g + 8. Let b be m(-8). Let f = b + 1215. Calculate the highest common factor of 9 and f.
9
Let t(l) = -575*l + 57. Let f be t(7). Let y be f/(-80)*(5 + 0 - 0). Calculate the highest common divisor of y and 31.
31
Let k = 13 + -48. Let q = k + 40. Let o(t) = -t**3 + 17*t**2 - 11*t - 60. Let l be o(16). Calculate the highest common factor of q and l.
5
Let m = 851 - 662. What is the highest common divisor of 1134 and m?
189
Let o(u) = -u**2 + 6*u + 10. Suppose -2*h - 54 = -11*h. Let d be o(h). What is the highest common factor of d and 5?
5
Let c be (4/((-4)/1))/(1/1). Let z be 106/3 + c/((-3)/2). Suppose -l = -2*t - 8, l + 2*t = 4*l - z. Calculate the highest common divisor of 154 and l.
14
Let j(q) = -5*q + 4. Let k be j(3). Let r = k - -65. Let a = -4589 - -4595. What is the highest common divisor of a and r?
6
Suppose t - 580 = -3*i, 130*i - 131*i + 2386 = 4*t. What is the highest common factor of t and 130?
26
Let i = 127 + -85. Let a = -1282 - -1296. Calculate the greatest common divisor of i and a.
14
Suppose -2*k - 6 + 10 = 0. Suppose k*m - m = -4. Let w be (20/m - -3)/((-1)/10). What is the highest common divisor of w and 5?
5
Suppose 0 = -w - 2*w + 9. Let k be (0 - 64/6)/((-2)/w). Let l = k + -11. Calculate the greatest common divisor of 55 and l.
5
Let z be (3 + (-5)/(-3)*-2)*-15. Let w = -73 + 89. Suppose -1 = -z*p + 4, 0 = -b - p + w. Calculate the highest common divisor of 75 and b.
15
Let d(w) = 10*w**3 + 2*w**2 + 72*w - 557. Let g be d(8). What is the greatest common divisor of 92 and g?
23
Let m be (-310)/(-25) + (-3)/15*2. Let v be 1/(1/4)*183/m. Let h = 72 - v. Calculate the highest common factor of h and 1.
1
Let q(g) = -6*g**2 + 176*g - 18. Let x be q(29). Let n be ((-8)/6)/(1/(-18)). Calculate the highest common factor of x and n.
8
Suppose 29*h + l + 361 = 31*h, -21 = -3*l. Calculate the highest common divisor of h and 897.
23
Let r = -271 - -245. Let o be r/(-39) - 498/(-9). What is the highest common divisor of o and 16?
8
Suppose 3*q = 12, 1 = 3*p + q + 3. Let b be (-2)/(4/(-54)*-3). Let s be (-870)/b + p/3. Calculate the highest common divisor of 12 and s.
12
Let g be -5*(-3 - (-9)/(-5)). Suppose 0 = 37*w - 36*w - 6. Suppose -39 - 105 = -w*v. What is the highest common divisor of v and g?
24
Let o(b) = 169*b - 17. Let t be o(6). Let n = -972 + t. Calculate the greatest common factor of 25 and n.
25
Suppose 2*u + 3*u = -3*m + 369, 5*m = 3*u - 201. Let b = -13 + u. What is the highest common factor of b and 649?
59
Suppose -5*k - 85 = 20*h - 25*h, -5*k + 104 = 4*h. Let v be (546/(-10))/((-10)/50). What is the greatest common factor of h and v?
21
Let n(q) = 14*q - 8. Let w be n(10). Let v be (-6)/(6 + 0)*-48. Calculate the greatest common factor of v and w.
12
Suppose 410*x - 403*x = 2534. What is the highest common factor of 2 and x?
2
Suppose -o + 7708 = 4*h, -1217*o = -1221*o - 4*h + 30808. What is the greatest common divisor of o and 495?
55
Let m(x) = x**3 + 14*x**2 - 13*x - 17. Let g be m(-4). What is the highest common divisor of g and 845?
65
Suppose 4*l + m = -299, -5*l + 10*m - 373 = 11*m. Let o = -121 + 214. Let u = l + o. Calculate the greatest common divisor of 1 and u.
1
Let h be (-2)/(4/(-12662)) - 297/27. What is the greatest common factor of h and 474?
158
Let u(d) = d**3 - 34*d**2 - 37*d + 130. Let f be u(35). What is the highest common divisor of f and 2740?
20
Let b be 5*(1 - (2 + -4)) + 1. Let r = b - 8. Let w(j) = j + 1. Let u be w(r). Calculate the highest common divisor of 3 and u.
3
Let s = 3771 + -3716. Calculate the highest common divisor of s and 15.
5
Let p(h) = h**2 - 38*h + 919. Let u be p(72). What is the greatest common divisor of 39 and u?
13
Let q be 10*(-4)/(-30)*3. Suppose h = -q*o + 376, -h + 87*o - 92*o = -378. What is the highest common divisor of h and 138?
46
Suppose -109*m - 9*m + 207*m = 150944. Calculate the greatest common factor of m and 128.
32
Suppose -7*s + 17*s = 5950. What is the greatest common divisor of 385 and s?
35
Let b = -7819 + 17593. Calculate the highest common divisor of 54 and b.
54
Let r = 57 - 14. Suppose 33*b - 32*b + 773 = c, 5*c + 3*b = 3873. Calculate the highest common divisor of c and r.
43
Let j(q) = -q**3 - 2*q**2 + 2*q - 9. Let z be j(-4). Suppose 24*c - 27 = z*c. Let w = 41 + -17. Calculate the greatest common divisor of w and c.
3
Let v = 106 - -35. Suppose -2*h + 3*p = p - 62, -5*h + v = 2*p. Let n = h + -20. Calculate the greatest common factor of 15 and n.
3
Suppose -107*h + 102*h = -140. What is the greatest common factor of h and 525?
7
Suppose 16595*q - 16564*q - 1209 = 0. Suppose -r - 2*x = 3 - 33, -3*r + 4*x + 110 = 0. Suppose -2*b + r = -18. Calculate the greatest common divisor of b and q.
13
Let j = 3268 - 1953. Let n = j + -67. Calculate the highest common factor of n and 39.
39
Suppose 131 = 3*g - 5*z + 400, -5*z - 221 = 2*g. Let k = g - -65. Let p = k + 48. Calculate the greatest common divisor of 20 and p.
5
Let l be -22*(-1 - (-15)/(-6)). Let r = l - 36. Let t = r + 33. Calculate the highest common factor of t and 185.
37
Suppose -6 = 2*l - 5*l. Suppose 3*j - z = -4*z + 24, -10 = -l*j - 5*z. Let k = 42972 + -42802. Calculate the greatest common divisor of k and j.
10
Suppose 5*c + 228 - 78 = 0. Let h(f) = 2*f**2 + 53*f + 109. Let d be h(c). What is the greatest common factor of d and 116?
29
Suppose 0 = 2*f, 27*f + 4237 = s + 23*f. Calculate the highest common factor of s and 1115.
223
Suppose -j - 129 = x + 182, 3*x + 625 = -2*j. Let z = j + 428. What is the greatest common factor of z and 150?
30
Let c = 229 + -53. Let y(o) = -21*o**3 + 2*o**2 - o - 2. Let d be (-2)/(-6)*(-9)/3. Let r be y(d). What is the greatest common divisor of c and r?
22
Let x be 436*18/48 + 3/(-2). Suppose -5*s + x = 5*u + 42, 0 = 5*s + 2*u - 126. Calculate the highest common factor of s and 104.
26
Let c(m) = -4*m**3 + 3*m + 3. Suppose 3*z - 5 = 4*v, -4*z - 4 = 5*v + 10. Let k be c(v). Let x = 331 + -128. What is the highest common factor of x and k?
29
Suppose -460 = -3*v - 4*r, 5*r - 505 = -3*v - 47. Suppose 119 - 28 = 4*x + i, -i = 5. Calculate the highest common divisor of v and x.
12
Let t(f) = 384*f**2 - 43*f + 19. Let v be t(1). Calculate the highest common factor of v and 1530.
90
Suppose -2288*p = -5*d - 2287*p + 162, -5*d + 158 = p. What is the highest common factor of d and 248?
8
Let w be (-9486)/4*(-44)/33. Calculate the highest common divisor of w and 102.
102
Suppose 0 = -r + 2*r. Suppose -3*h + 60 = -r*h. Let g = -970 + 978. Calculate the greatest common divisor of h and g.
4
Let w be (-3146)/(-14) + 2/7. Let u = 218 + 30. Suppose -u + 48 = -8*k. What is the highest common divisor of w and k?
25
Suppose -16*f - 2*f = -5*f - 35113. What is the greatest common divisor of f and 73?
73
Suppose 4 - 9 = 5*a. Let v be 3*(a + 8 - 0). Let p(c) = -466*c + 1885. Let l be p(4). What is the highest common factor of v and l?
21
Let j(z) = -z**2 - 18*z - 12. Let r be j(-17). Let w = r + -5. Let q be (9 + w)*9/(2 - 1). What is the greatest common factor of q and 9?
9
Let i be (10*(-7 + 2)/(-5))/((-8)/(-96)). What is the highest common divisor of 540 and i?
60
Suppose 115*y - 60*y + 1820 = 120*y. Calculate the greatest common divisor of 203 and y.
7
Suppose -5*k + 58500 = 31*k + 24*k. What is the greatest common divisor of 156 and k?
39
Let z = -332 + 335. Let g be 1562/12 - ((-76)/(-24) - z). What is the greatest common divisor of g and 13?
13
Let m = -15112 + 10742. Let h be m/(-19)*2/5. Calculate the highest common factor of 23 and h.
23
Suppose 0 = -57*u + 58*u + 4*b - 117, -3*b - 335 = -4*u. Calculate the highest common factor of u and 17088.
89
Suppose -90 = 2*a - 5*a. Let o = -139 - -139. Let v = a + o. What is the highest common divisor of 30 and v?
30
Let p(r) = -r**2 + 82*r - 14. Let v(w) = 2*w**2 - 123*w + 20. Let t(y) = 8*p(y) + 5*v(y). Let n be t(-22). What is the greatest common factor of n and 9?
9
Let p(j) = -j**3 + 7*j**2 - 3*j + 7. Let f be p(5). Suppose -3*g + 113*w = 114*w - 67, 4*g + 3*w - 81 = 0. Calculate the highest common factor of f and g.
6
Suppose -51*v = -53*v - 8*l + 82746, -v + 4*l + 41445 = 0. Calculate the highest common factor of 